10?
21210020022
In base 12, what is -61 + 1268?
1207
In base 5, what is -1202 + 343?
-304
In base 8, what is 4 - 2100167?
-2100163
In base 10, what is -43 + -44?
-87
In base 8, what is -3 + -44657?
-44662
In base 12, what is 1 - 50809?
-50808
In base 14, what is -b1 + -30?
-101
In base 14, what is -2564 + -10b?
-2671
In base 13, what is -437 + 8b?
-379
In base 11, what is -4 - 1009745?
-1009749
In base 7, what is -4 + -421423?
-421430
In base 10, what is -368 + 466?
98
In base 7, what is 102 - -4134?
4236
In base 15, what is -1da8c - -1?
-1da8b
In base 16, what is -27 + -215?
-23c
In base 7, what is -16 - 2165?
-2214
In base 9, what is -2 + 885061?
885058
In base 13, what is -11 - 3b1a7?
-3b1b8
In base 2, what is 10011111 - 101000011111?
-100110000000
In base 6, what is -24044423 + 10?
-24044413
In base 2, what is -11000110001 + -1100010001?
-100101000010
In base 13, what is 7 - 281550?
-281546
In base 11, what is 23a9131 - 4?
23a9128
In base 14, what is -4 - -1c2b7?
1c2b3
In base 13, what is 24144 - -6?
2414a
In base 16, what is c22d - 0?
c22d
In base 14, what is 13bb + -17?
13a4
In base 5, what is 3113 - 3002?
111
In base 3, what is 1022011112 - -20?
1022011202
In base 8, what is -10547 - 175?
-10744
In base 10, what is 5239 + -37?
5202
In base 2, what is 10001 + 10000011101?
10000101110
In base 4, what is 33131002 - 2?
33131000
In base 16, what is 5 + -6b82e?
-6b829
In base 13, what is -2b203 + -5?
-2b208
In base 15, what is 6 + -9255?
-924e
In base 8, what is 2201 + -47?
2132
In base 6, what is -2353042 + 11?
-2353031
In base 8, what is 1561 + -131?
1430
In base 13, what is 9aa + 6?
9b3
In base 15, what is 40 + -4770?
-4730
In base 3, what is 10 + -1012000022?
-1012000012
In base 16, what is 3fe - e?
3f0
In base 9, what is -6173 - -17?
-6155
In base 10, what is 74879 - 22?
74857
In base 10, what is 12499 + 205?
12704
In base 6, what is -3 - -1424110?
1424103
In base 11, what is 3 - -1555a?
15562
In base 13, what is 7200 + 5?
7205
In base 7, what is -123564 + 3?
-123561
In base 11, what is 2 + -10071?
-1006a
In base 5, what is -324 + -3023?
-3402
In base 3, what is 11110112 + 2000012?
20110201
In base 10, what is -647 + -1?
-648
In base 13, what is -94 - -197?
103
In base 2, what is 110000111000100110011100 - 11?
110000111000100110011001
In base 12, what is b065 - 32?
b033
In base 4, what is -12 - -300011002?
300010330
In base 15, what is -3 + 1c66b?
1c668
In base 13, what is 64ab + -a?
64a1
In base 9, what is -4 + -72638?
-72643
In base 11, what is 2215 - 10?
2205
In base 6, what is -12 + -2445324?
-2445340
In base 10, what is 40600 - -5?
40605
In base 2, what is -10010100 + -11001111100?
-11100010000
In base 10, what is 2249 + -6?
2243
In base 16, what is 24588 - -5?
2458d
In base 9, what is 221 - 42?
168
In base 11, what is 57594 + -5?
5758a
In base 9, what is 1023383 + -1?
1023382
In base 9, what is -1716 + -5?
-1722
In base 3, what is 210022210102 + 11?
210022210120
In base 11, what is -a + -75297?
-752a6
In base 9, what is 3376 - 25?
3351
In base 11, what is -588a43 - 4?
-588a47
In base 9, what is 300 - 2667?
-2367
In base 10, what is 51486 + 18?
51504
In base 11, what is -552 - -27?
-526
In base 14, what is 9d + -44?
59
In base 4, what is -332330233 - -10?
-332330223
In base 5, what is -3 - 1102130?
-1102133
In base 9, what is 106 + -16561?
-16454
In base 4, what is 1332 + 22?
2020
In base 9, what is 37 + 1470?
1517
In base 14, what is -2968 - a?
-2974
In base 12, what is -5 - 98a0?
-98a5
In base 10, what is 48883 + -4?
48879
In base 6, what is -40104 + -1034?
-41142
In base 8, what is 40112 + 43?
40155
In base 16, what is -18c40 + -7?
-18c47
In base 16, what is 2af73 - -3?
2af76
In base 11, what is -33 - 19631?
-19664
In base 6, what is 4 + 52250013?
52250021
In base 8, what is -7 + -7422?
-7431
In base 13, what is 23 - 1400?
-13aa
In base 2, what is 1000111001 - 1100?
1000101101
In base 11, what is 1475843 + -3?
1475840
In base 10, what is 932469 - 1?
932468
In base 13, what is -49131 + -1?
-49132
In base 9, what is 173213 - -21?
173234
In base 7, what is 3 - 351114?
-351111
In base 5, what is -3314 - 2?
-3321
In base 13, what is -1b - 22965?
-22983
In base 13, what is 1 - -34c6?
34c7
In base 10, what is -1911 + 810?
-1101
In base 3, what is 102 + -221222?
-221120
In base 13, what is -4632 - -c?
-4623
In base 16, what is -2b1 + -35?
-2e6
In base 3, what is 2 - -1021101210012?
1021101210021
In base 14, what is 44b8 + 84?
455c
In base 12, what is -85a - 21?
-87b
In base 9, what is -27423 + -3?
-27426
In base 5, what is 4 - 324243?
-324234
In base 4, what is -11 + 2211220?
2211203
In base 13, what is 530 - -957?
1187
In base 10, what is 2 + -31686?
-31684
In base 6, what is -1453005 + 3?
-1453002
In base 4, what is 10 - 1001320332?
-1001320322
In base 14, what is d - 11976b?
-11975c
In base 12, what is 14128 + 10?
14138
In base 16, what is 0 + f3736?
f3736
In base 14, what is 15 + 67ab?
67c2
In base 2, what is -1100010000 - -101101011101?
100001001101
In base 12, what is -5 - 15a8b?
-15a94
In base 3, what is -2200 + 220?
-1210
In base 13, what is 18a - -188?
345
In base 11, what is -10a8 + -23?
-1120
In base 7, what is 13504 + -106?
13365
In base 3, what is 21112021 + -10010?
21102011
In base 14, what is -124 - -37?
-cb
In base 9, what is 21777 - 18?
21758
In base 13, what is 2 + -37666?
-37664
In base 10, what is -1152 - 65?
-1217
In base 8, what is 1711 - -100?
2011
In base 15, what is -3 + -1145?
-1148
In base 8, what is 6 - 1757171?
-1757163
In base 16, what is 11 + -b29?
-b18
In base 8, what is 2571 - 135?
2434
In base 10, what is 3 - 39477?
-39474
In base 6, what is -23303255 - 3?
-23303302
In base 16, what is 4617 + 2?
4619
In base 15, what is 4 - 7b403?
-7b3ee
In base 7, what is 2151 - 13?
2135
In base 14, what is -c + -7bb?
-7c9
In base 5, what is -334121 - 13?
-334134
In base 5, what is 14130 - 4?
14121
In base 16, what is -1 + -200b?
-200c
In base 5, what is -21 - 2141234?
-2141310
In base 9, what is 7632 + -64?
7557
In base 5, what is -10 + -31041424?
-31041434
In base 4, what is 1011010011 + 0?
1011010011
In base 9, what is 253 - -16732?
17085
In base 7, what is -1665642 + -4?
-1665646
In base 4, what is -11 + -3212301?
-3212312
In base 9, what is 421 - -137?
558
In base 11, what is 117269 + 3?
117271
In base 2, what is 10110 - -1010111111?
1011010101
In base 14, what is -1 - 15011?
-15012
In base 6, what is -450121 - 3?
-450124
In base 4, what is -100031 - 1021?
-101112
In base 16, what is -ea776 + 5?
-ea771
In base 9, what is 6343 - -378?
6732
In base 7, what is 40312 + 243?
40555
In base 13, what is 1 + 1946b?
1946c
In base 11, what is 21011 + -4?
21008
In base 13, what is 2057bb - 2?
2057b9
In base 7, what is -5 - 413241?
-413246
In base 10, what is 54765 - -38?
54803
In base 13, what is -198b0b + -2?
-198b10
In base 6, what is 213 - 1535?
-1322
In base 16, what is -4e076 + 3?
-4e073
In base 10, what is 11274 + 40?
11314
In base 6, what is 10153 - 243?
5510
In base 12, what is 4 - 174a76?
-174a72
In base 9, what is 0 - -338617?
338617
In base 11, what is 18680 - a?
18671
In base 5, what is 0 - 4201111?
-4201111
In base 6, what is -12 - -45035?
45023
In base 10, what is 11687 + 64?
11751
In base 11, what is -95132 + 15?
-95118
In base 12, what is 5777 - -a0?
5857
In base 9, what is -142 - -82023?
81771
In base 4, what is -112100120 + 0?
-112100120
In base 12, what is -3 + -3815?
-3818
In base 9, what is 2013 + 263?
2276
In base 12, what is -b3 + -879?
-970
In base 14, what is -2 + 6cc8?
6cc6
In base 6, what is -5125205 - 2?
-5125211
In base 14, what is 1 + c67a?
c67b
In base 8, what is 2611561 - 2?
2611557
In base 12, what is 9b73 + 26?
9b99
In base 4, what is 3 + -11301320?
-11301311
In base 8, what is -1417727 - 0?
-1417727
In base 14, what is 126 + 25a?
382
In base 4, what is -2 + 2232303011?
2232303003
In base 2, what is 100110001101111000101 + -100?
100110001101111000001
In base 7, what is -12 + 223?
211
In base 8, what is 1576 + -66?
1510
In base 3, what is 102002022 - 102?
102001220
In base 4, what is -3 - -3112332?
3112323
In base 14, what is -1c70 + 43?
-1c2b
In base 15, what is 78b80 + -2?
78b7d
In base 5, what is 12131424 - 10?
12131414
In base 10, what is -7 + -2895?
-2902
In base 16, what is -14 - -41